{"id":2380,"date":"2017-10-23T13:54:34","date_gmt":"2017-10-23T10:54:34","guid":{"rendered":"https:\/\/www.petlican.com\/blog\/listings\/"},"modified":"2017-10-24T09:30:42","modified_gmt":"2017-10-24T06:30:42","slug":"yuva-arayanlar","status":"publish","type":"page","link":"https:\/\/www.petlican.com\/blog\/yuva-arayanlar\/","title":{"rendered":"Yuva Arayanlar"},"content":{"rendered":"<p><a href=\"https:\/\/www.petlican.com\/blog\/sahiplendirme-ilani-ver\/\"><img decoding=\"async\" class=\"alignnone wp-image-1901 size-full alignright\" src=\"https:\/\/www.petlican.com\/blog\/wp-content\/uploads\/2017\/09\/yeni_ilan_ekle.png\" alt=\"\" width=\"155\" height=\"40\" srcset=\"https:\/\/www.petlican.com\/blog\/wp-content\/uploads\/2017\/09\/yeni_ilan_ekle.png 155w, https:\/\/www.petlican.com\/blog\/wp-content\/uploads\/2017\/09\/yeni_ilan_ekle-150x40.png 150w\" sizes=\"(max-width: 155px) 100vw, 155px\" \/><\/a><br \/>\n\r\n<div class=\"acadp acadp-categories acadp-text-list\">\r\n\t<div class=\"row acadp-no-margin\"><div class=\"col-md-4\"><a href=\"https:\/\/www.petlican.com\/blog\/ilan-kategori\/balik-ilani\/\" title=\"View all posts in Bal\u0131k \u0130lan\u0131\"><strong>Bal\u0131k \u0130lan\u0131<\/strong> (0)<\/a><\/div><div class=\"col-md-4\"><a href=\"https:\/\/www.petlican.com\/blog\/ilan-kategori\/kedi-ilani\/\" title=\"View all posts in Kedi \u0130lan\u0131\"><strong>Kedi \u0130lan\u0131<\/strong> (0)<\/a><\/div><div class=\"col-md-4\"><a href=\"https:\/\/www.petlican.com\/blog\/ilan-kategori\/kemirgen-ilani\/\" title=\"View all posts in Kemirgen \u0130lan\u0131\"><strong>Kemirgen \u0130lan\u0131<\/strong> (0)<\/a><\/div><\/div><div class=\"row acadp-no-margin\"><div class=\"col-md-4\"><a href=\"https:\/\/www.petlican.com\/blog\/ilan-kategori\/kopek-ilani\/\" title=\"View all posts in K\u00f6pek \u0130lan\u0131\"><strong>K\u00f6pek \u0130lan\u0131<\/strong> (0)<\/a><\/div><div class=\"col-md-4\"><a href=\"https:\/\/www.petlican.com\/blog\/ilan-kategori\/kus-ilani\/\" title=\"View all posts in Ku\u015f \u0130lan\u0131\"><strong>Ku\u015f \u0130lan\u0131<\/strong> (0)<\/a><\/div><div class=\"col-md-4\"><a href=\"https:\/\/www.petlican.com\/blog\/ilan-kategori\/surungen-ilani\/\" title=\"View all posts in S\u00fcr\u00fcngen \u0130lan\u0131\"><strong>S\u00fcr\u00fcngen \u0130lan\u0131<\/strong> (0)<\/a><\/div><\/div><\/div>\r\n\r\n<br \/>\n<span>Sonu\u00e7 bulunamad\u0131.<\/span><\/p>\n","protected":false},"excerpt":{"rendered":"","protected":false},"author":1,"featured_media":0,"parent":0,"menu_order":0,"comment_status":"closed","ping_status":"closed","template":"page-no-sidebar.php","meta":[],"yoast_head":"<!-- This site is optimized with the Yoast SEO plugin v20.4 - https:\/\/yoast.com\/wordpress\/plugins\/seo\/ -->\n<title>Yuva Arayanlar - Petlican.com<\/title>\n<meta name=\"description\" content=\"Kedi k\u00f6pek ve di\u011fer evcil hayvan \u0131rklar\u0131, cinsleri \u00f6zellikleri, sa\u011fl\u0131\u011f\u0131, bak\u0131m\u0131, beslenmesi, e\u011fitimi gibi t\u00fcm bilgiler.\" \/>\n<meta name=\"robots\" content=\"index, follow, max-snippet:-1, max-image-preview:large, max-video-preview:-1\" \/>\n<link rel=\"canonical\" href=\"https:\/\/www.petlican.com\/blog\/yuva-arayanlar\/\" \/>\n<meta property=\"og:locale\" content=\"tr_TR\" \/>\n<meta property=\"og:type\" content=\"article\" \/>\n<meta property=\"og:title\" content=\"Yuva Arayanlar - Petlican.com\" \/>\n<meta property=\"og:description\" content=\"Kedi k\u00f6pek ve di\u011fer evcil hayvan \u0131rklar\u0131, cinsleri \u00f6zellikleri, sa\u011fl\u0131\u011f\u0131, bak\u0131m\u0131, beslenmesi, e\u011fitimi gibi t\u00fcm bilgiler.\" \/>\n<meta property=\"og:url\" content=\"https:\/\/www.petlican.com\/blog\/yuva-arayanlar\/\" \/>\n<meta property=\"og:site_name\" content=\"Petlican.com\" \/>\n<meta property=\"article:publisher\" content=\"https:\/\/www.facebook.com\/petlican\/\" \/>\n<meta property=\"article:modified_time\" content=\"2017-10-24T06:30:42+00:00\" \/>\n<meta property=\"og:image\" content=\"https:\/\/www.petlican.com\/blog\/wp-content\/uploads\/2017\/09\/yeni_ilan_ekle.png\" \/>\n<meta name=\"twitter:card\" content=\"summary_large_image\" \/>\n<meta name=\"twitter:site\" content=\"@petlican\" \/>\n<script type=\"application\/ld+json\" class=\"yoast-schema-graph\">{\"@context\":\"https:\/\/schema.org\",\"@graph\":[{\"@type\":\"WebPage\",\"@id\":\"https:\/\/www.petlican.com\/blog\/yuva-arayanlar\/\",\"url\":\"https:\/\/www.petlican.com\/blog\/yuva-arayanlar\/\",\"name\":\"Yuva Arayanlar - Petlican.com\",\"isPartOf\":{\"@id\":\"https:\/\/www.petlican.com\/blog\/#website\"},\"datePublished\":\"2017-10-23T10:54:34+00:00\",\"dateModified\":\"2017-10-24T06:30:42+00:00\",\"description\":\"Kedi k\u00f6pek ve di\u011fer evcil hayvan \u0131rklar\u0131, cinsleri \u00f6zellikleri, sa\u011fl\u0131\u011f\u0131, bak\u0131m\u0131, beslenmesi, e\u011fitimi gibi t\u00fcm bilgiler.\",\"breadcrumb\":{\"@id\":\"https:\/\/www.petlican.com\/blog\/yuva-arayanlar\/#breadcrumb\"},\"inLanguage\":\"tr\",\"potentialAction\":[{\"@type\":\"ReadAction\",\"target\":[\"https:\/\/www.petlican.com\/blog\/yuva-arayanlar\/\"]}]},{\"@type\":\"BreadcrumbList\",\"@id\":\"https:\/\/www.petlican.com\/blog\/yuva-arayanlar\/#breadcrumb\",\"itemListElement\":[{\"@type\":\"ListItem\",\"position\":1,\"name\":\"Ana sayfa\",\"item\":\"https:\/\/www.petlican.com\/blog\/\"},{\"@type\":\"ListItem\",\"position\":2,\"name\":\"Yuva Arayanlar\"}]},{\"@type\":\"WebSite\",\"@id\":\"https:\/\/www.petlican.com\/blog\/#website\",\"url\":\"https:\/\/www.petlican.com\/blog\/\",\"name\":\"Petlican.com\",\"description\":\"\",\"potentialAction\":[{\"@type\":\"SearchAction\",\"target\":{\"@type\":\"EntryPoint\",\"urlTemplate\":\"https:\/\/www.petlican.com\/blog\/?s={search_term_string}\"},\"query-input\":\"required name=search_term_string\"}],\"inLanguage\":\"tr\"}]}<\/script>\n<!-- \/ Yoast SEO plugin. -->","yoast_head_json":{"title":"Yuva Arayanlar - Petlican.com","description":"Kedi k\u00f6pek ve di\u011fer evcil hayvan \u0131rklar\u0131, cinsleri \u00f6zellikleri, sa\u011fl\u0131\u011f\u0131, bak\u0131m\u0131, beslenmesi, e\u011fitimi gibi t\u00fcm bilgiler.","robots":{"index":"index","follow":"follow","max-snippet":"max-snippet:-1","max-image-preview":"max-image-preview:large","max-video-preview":"max-video-preview:-1"},"canonical":"https:\/\/www.petlican.com\/blog\/yuva-arayanlar\/","og_locale":"tr_TR","og_type":"article","og_title":"Yuva Arayanlar - Petlican.com","og_description":"Kedi k\u00f6pek ve di\u011fer evcil hayvan \u0131rklar\u0131, cinsleri \u00f6zellikleri, sa\u011fl\u0131\u011f\u0131, bak\u0131m\u0131, beslenmesi, e\u011fitimi gibi t\u00fcm bilgiler.","og_url":"https:\/\/www.petlican.com\/blog\/yuva-arayanlar\/","og_site_name":"Petlican.com","article_publisher":"https:\/\/www.facebook.com\/petlican\/","article_modified_time":"2017-10-24T06:30:42+00:00","og_image":[{"url":"https:\/\/www.petlican.com\/blog\/wp-content\/uploads\/2017\/09\/yeni_ilan_ekle.png"}],"twitter_card":"summary_large_image","twitter_site":"@petlican","schema":{"@context":"https:\/\/schema.org","@graph":[{"@type":"WebPage","@id":"https:\/\/www.petlican.com\/blog\/yuva-arayanlar\/","url":"https:\/\/www.petlican.com\/blog\/yuva-arayanlar\/","name":"Yuva Arayanlar - Petlican.com","isPartOf":{"@id":"https:\/\/www.petlican.com\/blog\/#website"},"datePublished":"2017-10-23T10:54:34+00:00","dateModified":"2017-10-24T06:30:42+00:00","description":"Kedi k\u00f6pek ve di\u011fer evcil hayvan \u0131rklar\u0131, cinsleri \u00f6zellikleri, sa\u011fl\u0131\u011f\u0131, bak\u0131m\u0131, beslenmesi, e\u011fitimi gibi t\u00fcm bilgiler.","breadcrumb":{"@id":"https:\/\/www.petlican.com\/blog\/yuva-arayanlar\/#breadcrumb"},"inLanguage":"tr","potentialAction":[{"@type":"ReadAction","target":["https:\/\/www.petlican.com\/blog\/yuva-arayanlar\/"]}]},{"@type":"BreadcrumbList","@id":"https:\/\/www.petlican.com\/blog\/yuva-arayanlar\/#breadcrumb","itemListElement":[{"@type":"ListItem","position":1,"name":"Ana sayfa","item":"https:\/\/www.petlican.com\/blog\/"},{"@type":"ListItem","position":2,"name":"Yuva Arayanlar"}]},{"@type":"WebSite","@id":"https:\/\/www.petlican.com\/blog\/#website","url":"https:\/\/www.petlican.com\/blog\/","name":"Petlican.com","description":"","potentialAction":[{"@type":"SearchAction","target":{"@type":"EntryPoint","urlTemplate":"https:\/\/www.petlican.com\/blog\/?s={search_term_string}"},"query-input":"required name=search_term_string"}],"inLanguage":"tr"}]}},"_links":{"self":[{"href":"https:\/\/www.petlican.com\/blog\/wp-json\/wp\/v2\/pages\/2380"}],"collection":[{"href":"https:\/\/www.petlican.com\/blog\/wp-json\/wp\/v2\/pages"}],"about":[{"href":"https:\/\/www.petlican.com\/blog\/wp-json\/wp\/v2\/types\/page"}],"author":[{"embeddable":true,"href":"https:\/\/www.petlican.com\/blog\/wp-json\/wp\/v2\/users\/1"}],"replies":[{"embeddable":true,"href":"https:\/\/www.petlican.com\/blog\/wp-json\/wp\/v2\/comments?post=2380"}],"version-history":[{"count":0,"href":"https:\/\/www.petlican.com\/blog\/wp-json\/wp\/v2\/pages\/2380\/revisions"}],"wp:attachment":[{"href":"https:\/\/www.petlican.com\/blog\/wp-json\/wp\/v2\/media?parent=2380"}],"curies":[{"name":"wp","href":"https:\/\/api.w.org\/{rel}","templated":true}]}}